= -17*m. Is m a prime number?
False
Suppose -17 = 5*g - 7, u = -5*g + 64. Suppose -u*x - 94026 = -80*x. Is x a prime number?
True
Suppose 10 = 2*z + c + 4, 14 = 2*z - 3*c. Suppose -4*w = -0*m + z*m - 992, -4*w - 20 = 0. Is m a prime number?
False
Let b be 0 + 1 + (-3 - -7). Suppose q + 2*q = -3, 0 = c + b*q - 1328. Let o = c + -504. Is o composite?
False
Let l(s) = -2979*s - 2. Let t be l(4). Let m = -3565 - t. Is m prime?
True
Let s = -509733 - -877354. Is s prime?
True
Let y(l) = l**3 - 6*l**2 + 7*l - 10. Let t be y(5). Suppose -5*i + 2*i = 4*z - 2312, t = i - 3*z - 762. Suppose i = 4*d - 652. Is d a composite number?
True
Let c be -16 - -12 - (-9 - 0). Let r(l) = -c + 27*l**2 + 26*l**2 - l - 4*l. Is r(-3) prime?
True
Let k(a) = 20*a**3 + a**2 - 35*a - 13. Is k(12) prime?
False
Let a be 4 + (-1 - 4) + (-1 - -6). Suppose 4*f - 3*n - 163926 = 0, 0 = a*f + n + 44806 - 208724. Is f/5 + (2 - 1) + 0 prime?
False
Let f = 48621 + 15318. Is f a composite number?
True
Let u be (-6)/(-1) - (3 + -2 + 0). Suppose 35010 = u*f - 5*q, f - 6999 = -4*q + 8*q. Is f composite?
True
Let o be -2*2/(-4)*(17 + 6). Suppose -2*r + 4*d + o - 7 = 0, 4*r + 3*d = 21. Is 419/(-3)*r/(-2) a prime number?
True
Suppose 589*d - 523*d + 1374744 = 4435890. Is d a prime number?
True
Let o = 49 - 56. Let h be ((-1 + o)/2)/(10 - 11). Suppose -8*u = -h*u - 7028. Is u a composite number?
True
Suppose 0 = 3*v - v - 26. Let f(l) = 10*l**2 + 19*l + 6. Let n be f(v). Let i = -1192 + n. Is i a prime number?
True
Let c be 48/15 - (440/50)/(-11). Let b(o) = 9*o - 5 - 2*o**2 - 3*o + 22*o**2. Is b(c) a composite number?
True
Let r(h) = -128*h - 2925. Is r(-68) composite?
False
Suppose 49*s - 280 = 9*s. Suppose -5*i - 16 - 4 = 0. Is (22/i)/(s/(-70)) a composite number?
True
Suppose -6*c - 5*u = -3*c - 21991, -2*u - 7323 = -c. Suppose -4*b + 13305 = -c. Is b composite?
True
Is (57/5)/((-213)/(-1371365)) a composite number?
True
Let f = 0 + 10. Suppose -f*u = -7795 - 2775. Is u composite?
True
Is (-5 + 3 + (-1 - -1))*(-908902)/4 a prime number?
True
Suppose 2*a - 311071 = 2*g + 90941, -201018 = -a - 3*g. Is a a composite number?
True
Suppose 36*k - 35*k - j = 244084, -6 = -2*j. Is k a prime number?
True
Suppose 407*v = 139*v + 8578370 + 13647942. Is v a composite number?
True
Let v(a) be the first derivative of 39*a**4/4 + a**3/3 - a**2 + a - 45. Let h = 12 - 11. Is v(h) a prime number?
False
Suppose 93747469 = 123*u + 4139386. Is u a composite number?
False
Suppose 53*q - 1059824 - 9536946 - 8807961 = 0. Is q a composite number?
False
Let z(b) = 17*b + 70780. Let s be z(0). Is (-3 + s/50)/((-1)/(-5)) composite?
True
Let r(a) = 132*a**2 + 16*a + 483. Is r(32) a composite number?
False
Let i(t) = t**2 + 39*t + 85. Let p be i(-37). Let f(l) = 10*l**3 - 12*l**2 + 18*l - 7. Is f(p) prime?
True
Suppose -6 = -21*c + 18*c. Let x be (0 + 20/(-8))*c. Is 1173/4 - (-7 - x)/(-8) a composite number?
False
Let r(i) be the first derivative of i**3/3 - i**2 + 2*i + 4. Let q be r(3). Suppose q*y = 631 + 324. Is y a prime number?
True
Suppose 5*d - w = 13, -5 = -2*d + 2*w - 3. Suppose d*n - 5304 = -n. Suppose 304 = 2*a - n. Is a a composite number?
True
Is -2382*16455/(-45) + 21 a prime number?
False
Is (-6)/((-43)/((-2076298)/(-84))) composite?
False
Let t(h) = 69*h - 9. Let z be t(5). Suppose -4*c + 556 = -z. Is c a composite number?
False
Let t(w) = 5*w**2 + 3 - 1 - 38*w + 34*w - 4*w**2. Let p be t(2). Is ((-2)/6)/(p/3846) a prime number?
True
Suppose 3*v - 417037 = 2*c, 695053 = 5*v + 14*c - 13*c. Is v composite?
True
Let i(s) = 760*s**3 - 16*s**2 + 29*s - 22. Is i(9) a composite number?
False
Let z be (1 + 9)*11/(-22). Is (37/(-7) - z) + 61035/7 prime?
True
Let j be 25124/(-16) - (-10)/8. Let x = 2992 + j. Is x composite?
False
Suppose -2*m - 3*o - 149439 = 0, -5*m + 3*m + 3*o - 149457 = 0. Is ((-2)/3)/(597800/m + 8) a prime number?
False
Suppose -2*t + 294 = -i, -3*i - 2*t - 570 = -i. Let d = 114 + i. Is (13 - 11)*d/(-4) a prime number?
False
Is ((-1371996)/(-1380))/((-6)/(-290)) composite?
True
Is 12058/6*(0 - -15) prime?
False
Let o = 54346 + -27491. Let m = o - 18796. Is m a composite number?
False
Suppose 110*s - 503879 = 857151. Is s a composite number?
False
Suppose -2*g + 4*t + 44167 + 29647 = 0, -2*g + 73832 = 5*t. Is g a prime number?
False
Suppose -4*u = c - 1019009, 25*c = 28*c + 9. Is u a composite number?
False
Let u(f) = 56*f**2 + 11*f + 12. Let k be u(-6). Suppose 2*j = 4*o - 0*o - k, -1477 = -3*o - 4*j. Is o prime?
True
Let y = -76612 + 117255. Is y a composite number?
True
Let l = -61 - -66. Suppose r = u + 2930, -3*r + l*u + 0*u = -8796. Is r composite?
False
Let t = 1279 + -624. Suppose -21*j - t = -26*j. Is j prime?
True
Let z(g) = 8*g - 12. Let x(b) = -17*b + 25. Let h(w) = -3*x(w) - 7*z(w). Let k be h(2). Is 2/k + 24266/22 a prime number?
False
Let m = 9 + 0. Let v = m - 4. Suppose -k + 311 = 4*b - 18, 4*b = v*k + 323. Is b composite?
True
Is (5 + 132900 + 14)*1 a composite number?
True
Let a(t) be the first derivative of -2*t**3/3 - 18*t**2 - 13*t - 219. Let x(p) = -p**3 + 3*p**2 - 3*p. Let n be x(3). Is a(n) a composite number?
False
Let g(x) be the first derivative of -191*x**3/2 + x**2 + 17*x - 20. Let s(d) be the first derivative of g(d). Is s(-3) a composite number?
False
Let a be 7*(2/6 + (-18191)/(-21)). Suppose -13*n + 7493 = -a. Is n a composite number?
True
Let v(b) = 18*b**3 - 5*b**2 - 3*b + 5. Let c be v(4). Suppose -18*o + 17868 = 17940. Let j = c + o. Is j a composite number?
False
Let y(t) = 62*t + 5. Let b(f) = 94*f + 7. Let l(q) = 5*b(q) - 8*y(q). Is l(-14) composite?
False
Suppose 0 = -2*p + p + b + 3, -p + 2*b = -3. Let z be 101/4 + (-56)/(-32). Is p + z/(-6) + (-3650)/(-4) a prime number?
True
Suppose 1698*t = 1669*t + 77459. Is t prime?
True
Let g(d) be the third derivative of d**5/6 + 3*d**4/2 - 3*d**3/2 - d**2. Let y = 4178 + -4161. Is g(y) a prime number?
False
Suppose 5*a = 2*o + 45849, 2*o - 8 = 6*o. Is a a composite number?
True
Let p(k) = k**3 - 9*k**2 - 20*k - 22. Let d be p(11). Let c(f) = -2*f + 1715. Let z be c(d). Let a = z + 1644. Is a prime?
True
Suppose -4*o - w + 121024 = 0, -3*o + 56*w = 58*w - 90763. Is o prime?
False
Let i(x) = x**3 - 18*x**2 + 22*x + 12. Let n(v) = 8*v - 7. Let l be n(3). Let b be (-1 - 2)*l*(-1)/3. Is i(b) a prime number?
True
Let o = 133468 + 14196. Suppose 21*a = 5*a + o. Is a a composite number?
True
Let x(b) = 2913*b**2 - 310*b - 938. Is x(-3) prime?
True
Let b(t) = t**2 - 6*t - 80. Let x = -286 + 263. Is b(x) composite?
False
Suppose 0 = 2*x + 2*o - 37144, -12*o + 7*o + 5 = 0. Let b = -2538 + x. Is b composite?
False
Let w be 198/(-3) + (-4)/(-1). Let g = w + -1. Let p = g - -552. Is p prime?
False
Let o be (6/(-8))/((-9)/36). Suppose -4*g + 3589 = -o*g. Is g a composite number?
True
Let r(u) = 1759*u - 38. Let o be r(5). Let a be o - ((-3)/(-2) - (-22)/(-4)). Suppose -2*v - 3*m + a + 1296 = 0, m = -5*v + 25162. Is v prime?
False
Suppose -139395 = 8*z + 7*z. Let w = z - -13714. Is w a prime number?
True
Is 563591/(1/((-10)/(-70))) composite?
False
Let d be 10/(-30) + (-10252)/6. Suppose 15 = -3*j, -3*o + 0*j - 4*j + 7360 = 0. Let x = d + o. Is x prime?
True
Let y(t) = -14*t + 7463. Let r be y(0). Suppose 0 = -12*c + r + 5053. Is c a prime number?
False
Let j = 280 - 269. Let r(l) = 12*l**2 - 16*l - 29. Is r(j) a prime number?
False
Suppose 47 = 7*v + 26. Is (1984 + 1)*8/4 + v a composite number?
True
Let x be 1 + -3 - -34 - (-12)/(-12). Suppose -x*d + 16567 = -538302. Is d a composite number?
True
Let r(n) = -67*n + 2. Let q be r(6). Let u = q - -701. Is u composite?
True
Let k(o) be the third derivative of -o**6/120 + 13*o**5/60 - o**4/8 + 11*o**3/6 - 16*o**2. Let y be k(13). Let z = 189 + y. Is z prime?
False
Suppose 5*y = 4*r - r - 41, -4*y = -r + 23. Suppose 10*z = r*z. Suppose 4*j - 579 = 3*b + 1576, 2*j - 2*b - 1076 = z. Is j a composite number?
False
Let k(x) = 23*x - 156. Let o be k(7). Suppose 2*h = -2*h - o*t + 11848, h = t + 2953. Is h a composite number?
False
Is (-19469 + 0)*(-110)/22 prime?
False
Let j(o) = -18 - o**3 - 4*o + 100*o**2 - 82*o**2 - 2. Let z be j(12). Suppose -208 = -n - 4*f - 35, -3*f - z = -5*n. Is n a composite number?
True
Let q be (-15)/12 - (-125)/20. Let i(j) be the first derivative